ppose -l = q - v, -4*q = 5*v - 0 - 10. Let d(z) = z**3 - z**2 - z + 18. Let p be d(q). What is the highest common factor of 90 and p?
18
Let m(w) = -2*w**3 - 4*w**2 - 3*w - 2. Let z be m(-2). Suppose -z*v = -3*v - 2. Suppose 50 = -3*g + 8*g. Calculate the highest common divisor of g and v.
2
Let g be 40/7 - (-6)/21. Let j be g/21 + 886/(-14). Let c = -25 - j. Calculate the greatest common divisor of c and 95.
19
Suppose 4*i + 35 = 3*i. Let f = 53 + i. Calculate the highest common factor of 9 and f.
9
Let b(w) = w**2 - w + 24. Let v be ((2 - 2)/(-3))/1. Let m be b(v). What is the greatest common divisor of m and 8?
8
Let r(d) = 3*d - 5. Let s be r(7). Calculate the highest common divisor of s and 112.
16
Let g = -23 + 39. What is the greatest common divisor of 144 and g?
16
Let y = -45 - -75. Calculate the greatest common factor of y and 12.
6
Let b(y) = -y**3 + 25*y**2 - 46*y + 15. Let i be b(23). What is the greatest common factor of i and 15?
15
Let j be 270/8 + 2/8. What is the greatest common factor of 85 and j?
17
Let g(i) = -6 + 7 - 7 + i. Let r be g(6). Suppose 2*q + 2 = f - 36, 5*q - 25 = r. Calculate the greatest common factor of f and 6.
6
Suppose 2*i - 14 = 2*t, 1 = i - 2*t - 2*t. Let o(w) = 4*w**2 - 12*w. Let j be o(i). Calculate the highest common factor of 24 and j.
24
Let m = 298 + -177. Calculate the greatest common divisor of m and 11.
11
Suppose 2*a + 12 = -0*a. Let f be ((-12)/(-5))/(a/(-20)). Suppose 3*m = 1 - 4, 3*n + m = f. What is the highest common factor of n and 27?
3
Let b(f) = -f**2 - f + 2. Suppose 5*c - 8*c = 0. Let j be b(c). Let k be 20 - j/6*0. What is the highest common divisor of 30 and k?
10
Suppose 22 = -7*w + 9*w. What is the highest common factor of 11 and w?
11
Suppose -b = 5*c - 3 + 2, -b + 1 = -3*c. Suppose -56 + 21 = -3*n - 5*i, c = 2*i + 10. Let z = -20 + 70. What is the highest common divisor of n and z?
10
Let z = -35 + 61. What is the highest common divisor of z and 13?
13
Let g be -3*((-33)/9 - -2). Suppose g*k - 8 = 47. Calculate the highest common factor of k and 11.
11
Let t(o) = -7*o - 4. Let h be t(-2). Suppose -5*v - 3*g + 156 = 0, 3*g + 6 = 5*v - 138. Calculate the greatest common divisor of h and v.
10
Let y(p) = 4*p**2 - 3*p - 1. Let s be y(2). Calculate the greatest common factor of 99 and s.
9
Suppose 0 = -2*n - 2*n + 1952. Calculate the highest common factor of 61 and n.
61
Let n(m) = -m**2 + 9*m - 3. Let a be n(6). Calculate the highest common factor of a and 105.
15
Suppose 24 = -0*o - 4*o. Let b(d) = -d + 7. Let s be b(o). What is the highest common factor of s and 13?
13
Let v be -10*(-2)/4*2. Suppose -5*y + 5 = -5*z, -y + 3 + 10 = 3*z. Suppose y*c - 86 = 14. What is the greatest common factor of v and c?
5
Let h be (-185)/(-3 - (-6 + 4)). What is the greatest common divisor of h and 74?
37
Let q(a) = a. Let u be q(10). Calculate the greatest common factor of u and 50.
10
Suppose -5*f - 5*s + 295 = 0, 0 = -4*f - s + 107 + 141. What is the greatest common factor of 42 and f?
21
Let x(r) be the second derivative of 4*r**3/3 + 7*r**2/2 + 2*r. Let w be x(6). Let a be 1*(3 + 8/1). What is the greatest common divisor of w and a?
11
Let t = 9 - 23. Let h be (-1 - t/(-4))*-4. Calculate the highest common divisor of 18 and h.
18
Let m(l) = -l**3 + 6*l**2 + 9*l - 6. Let c be m(6). Let s = 8 + -32. Let t = c + s. What is the highest common factor of t and 12?
12
Suppose -13 = -i - 1. Let k(w) = -w**2 - w - 153. Let f be k(0). Let a = 261 + f. Calculate the greatest common factor of a and i.
12
Let y be -1 + (2 + -3 - -18). Suppose 7*a - 3*a + p = 30, 8 = -4*p. What is the highest common factor of y and a?
8
Let v(w) = -w**3 - 7*w**2 + 8*w + 2. Let h be v(-9). Suppose 0 = -3*c - 5*a + 74, -3*c + 71 = -a + 3*a. Calculate the highest common divisor of c and h.
23
Let r(m) = -m**3 + 25*m**2 + 26*m + 16. Let t be r(26). What is the greatest common factor of t and 24?
8
Let y be (-8)/10*15/6. Let i = -1 - y. What is the highest common factor of i and 8?
1
Let s = 10 + 1. What is the greatest common factor of 121 and s?
11
Let z(g) = -g**2 + g - 31. Let d be z(0). Let v = d - -52. Let l be -1 + (3 - 0)*5. Calculate the highest common factor of l and v.
7
Suppose 0 = 2*t, -2*z + 4*t + 24 + 22 = 0. Suppose m - 5*y = -4*y + 14, -y - z = -2*m. Let f = 17 + -11. Calculate the greatest common factor of m and f.
3
Let r be (-570)/(-11) + -1 - (-14)/77. Calculate the greatest common divisor of 68 and r.
17
Let n be (-88)/(-5) + (-4)/(-10). Suppose -13 - 14 = -w. What is the highest common factor of n and w?
9
Let c = -14 + 2. Let j be c/16*160/(-2). Let v = -20 + j. Calculate the highest common factor of v and 8.
8
Let d(u) = -2*u**3 - 11*u**2 - 8*u + 4. Let x be d(-7). What is the greatest common factor of x and 23?
23
Let z = -1 - -5. Suppose 0 = 4*l - z*d - 8, 4*l - 6 = 2*d + 3*d. What is the greatest common factor of 2 and l?
2
Suppose 4*g = w + 44, 6*w - 30 = -5*g + w. Let f be (-24)/(-42) + (-276)/(-7). Calculate the highest common factor of g and f.
10
Let p = 10 - 7. Suppose -2*i + r + 78 = 0, -5*i = -r + p*r - 195. Let m be ((-2)/(-3))/(2/i). What is the highest common factor of m and 13?
13
Let c(a) = -a**2 - 4*a - 2. Let q be c(-6). Let n = q + 29. What is the greatest common divisor of n and 15?
15
Suppose 0 = 9*r - 11 - 295. What is the greatest common divisor of r and 85?
17
Let y(t) = 41*t + 1. Let m be y(4). Suppose -5*p + 0*p + 5*r = m, 0 = 4*r - 12. Let d be (-408)/p + (-2)/(-5). Calculate the highest common divisor of 42 and d.
14
Suppose -4*u + 4 = 2*k, -3*k - 2*u + 6 = -u. Calculate the highest common factor of k and 4.
2
Let w(n) be the second derivative of -n**3/6 + 9*n**2 + 2*n. Let q be w(10). Calculate the greatest common divisor of q and 12.
4
Let t = 87 + -73. Calculate the highest common factor of t and 84.
14
Suppose 0 = -4*r + r + 3. Suppose 0 = 4*z - 24 - 0. Calculate the highest common factor of r and z.
1
Let u = 103 - 181. Let v = u - -166. Suppose 3*q = -q + v. Calculate the highest common divisor of q and 55.
11
Suppose l + 24 = 4*l. Suppose -3*i = i + l. Let t be (-13)/i + 3/(-6). Calculate the highest common factor of t and 36.
6
Let l(x) = -9*x + 4. Let f(m) = m + 6. Let d be f(-8). Let c be l(d). What is the greatest common divisor of c and 55?
11
Let f be 4/(-22) + 540/66. What is the greatest common divisor of 56 and f?
8
Suppose -4 + 1 = a - n, 0 = 2*a + 2*n + 2. Let t be (a + 1)/(9/(-18)). What is the greatest common divisor of t and 3?
1
Let z(h) = h**2 - h + 5. Let s be z(0). Suppose 2*d + 3 = -3*i, 3*d - s*i - 9 = 5*d. Calculate the greatest common divisor of 9 and d.
3
Let p be (2*-1)/(4/(-8)). Suppose -p*k + 16 = 0, -434 = -5*n + 5*k - k. Calculate the highest common factor of 10 and n.
10
Suppose 24 = -25*a + 26*a. What is the highest common divisor of 12 and a?
12
Suppose 6*n = 2*n + 3*h + 96, h - 112 = -4*n. Let f = -19 + 28. What is the greatest common factor of f and n?
9
Let a = 7 + -8. Let k be (1 - 3)/(a/8). Calculate the greatest common divisor of k and 112.
16
Let o(b) = -10*b + 2. Let p be o(-2). Suppose -5*n = -3*n - p. Let l be (-1)/2 + (-199)/(-2). Calculate the greatest common divisor of n and l.
11
Suppose -w + 19 = -4*r, -4*w - r + 21 + 4 = 0. Suppose -2*v = -0*v. Let c be (1 - 2) + (v - -2). What is the highest common factor of c and w?
1
Suppose -4*i + 4*y = -y - 31, 9 = -3*y. What is the greatest common factor of 36 and i?
4
Suppose -5*c = -2*o - 1031, 4*c - 1043 = -c - 4*o. Calculate the greatest common divisor of 23 and c.
23
Let n = 0 + 61. Suppose -4*f + n = -11. What is the greatest common factor of f and 6?
6
Suppose -3*u = t - 2*t + 56, 3*u + 64 = -t. Let h be (u/15)/((-2)/12). Calculate the greatest common factor of h and 56.
8
Suppose 3*o = 61 + 59. Suppose 2*i = i - 5*l + 26, 3*i - 5*l = 38. Calculate the highest common factor of i and o.
8
Suppose 7 = 4*y - 5. Suppose p - y = 4*p, 0 = 2*a + 4*p - 28. Calculate the greatest common factor of a and 2.
2
Let v(m) = -m**3 + 5*m**2 - m. Let l be v(4). Suppose 0 = -2*r - 2*g + 37 + 5, -3*r + g + 51 = 0. What is the greatest common factor of r and l?
6
Suppose -21*h + 52 + 893 = 0. What is the greatest common factor of h and 225?
45
Suppose 3*p - 2*z - 128 = 0, -p = 2*z - 29 - 3.